55403?
5
What is the hundreds digit of 12904?
9
What is the tens digit of 9956?
5
What is the tens digit of 341?
4
What is the hundred thousands digit of 152517?
1
What is the units digit of 1279?
9
What is the tens digit of 62902?
0
What is the thousands digit of 25317?
5
What is the ten thousands digit of 11089?
1
What is the thousands digit of 32624?
2
What is the thousands digit of 46332?
6
What is the hundreds digit of 27573?
5
What is the hundreds digit of 165840?
8
What is the units digit of 3237?
7
What is the tens digit of 24340?
4
What is the units digit of 7334?
4
What is the units digit of 877?
7
What is the units digit of 2163?
3
What is the hundred thousands digit of 133949?
1
What is the hundreds digit of 867?
8
What is the tens digit of 8109?
0
What is the units digit of 2130?
0
What is the tens digit of 15718?
1
What is the units digit of 41789?
9
What is the thousands digit of 6304?
6
What is the tens digit of 4765?
6
What is the thousands digit of 33350?
3
What is the tens digit of 74007?
0
What is the units digit of 2793?
3
What is the tens digit of 39235?
3
What is the units digit of 1166?
6
What is the tens digit of 8161?
6
What is the hundreds digit of 20356?
3
What is the hundreds digit of 762?
7
What is the units digit of 9?
9
What is the units digit of 6206?
6
What is the tens digit of 47494?
9
What is the tens digit of 683?
8
What is the hundreds digit of 3677?
6
What is the hundreds digit of 559?
5
What is the ten thousands digit of 14755?
1
What is the hundreds digit of 2118?
1
What is the thousands digit of 1600?
1
What is the hundreds digit of 6820?
8
What is the units digit of 73735?
5
What is the units digit of 125?
5
What is the hundreds digit of 19024?
0
What is the tens digit of 14178?
7
What is the hundreds digit of 1616?
6
What is the tens digit of 685?
8
What is the hundreds digit of 11117?
1
What is the units digit of 1826?
6
What is the tens digit of 47739?
3
What is the units digit of 1018?
8
What is the thousands digit of 9203?
9
What is the tens digit of 2473?
7
What is the units digit of 34944?
4
What is the tens digit of 1951?
5
What is the thousands digit of 7677?
7
What is the thousands digit of 4678?
4
What is the hundreds digit of 542?
5
What is the units digit of 8312?
2
What is the units digit of 2777?
7
What is the tens digit of 11039?
3
What is the thousands digit of 21089?
1
What is the units digit of 43486?
6
What is the hundreds digit of 47484?
4
What is the units digit of 34151?
1
What is the hundreds digit of 3371?
3
What is the hundreds digit of 2851?
8
What is the hundreds digit of 488?
4
What is the tens digit of 507?
0
What is the hundreds digit of 1694?
6
What is the tens digit of 863?
6
What is the units digit of 643?
3
What is the ten thousands digit of 28198?
2
What is the hundreds digit of 12684?
6
What is the tens digit of 2662?
6
What is the tens digit of 80189?
8
What is the thousands digit of 22873?
2
What is the units digit of 6122?
2
What is the units digit of 1577?
7
What is the tens digit of 1048?
4
What is the units digit of 3158?
8
What is the thousands digit of 1738?
1
What is the tens digit of 3973?
7
What is the units digit of 1165?
5
What is the units digit of 5583?
3
What is the tens digit of 33?
3
What is the units digit of 3489?
9
What is the tens digit of 230?
3
What is the hundreds digit of 947?
9
What is the ten thousands digit of 48212?
4
What is the ten thousands digit of 33832?
3
What is the thousands digit of 34269?
4
What is the tens digit of 7939?
3
What is the hundreds digit of 53025?
0
What is the hundreds digit of 819?
8
What is the units digit of 6054?
4
What is the tens digit of 759?
5
What is the hundreds digit of 1165?
1
What is the tens digit of 920?
2
What is the hundreds digit of 58982?
9
What is the units digit of 279?
9
What is the thousands digit of 6333?
6
What is the ten thousands digit of 87624?
8
What is the tens digit of 3134?
3
What is the units digit of 1002?
2
What is the ten thousands digit of 22411?
2
What is the hundreds digit of 592?
5
What is the ten thousands digit of 17195?
1
What is the hundreds digit of 3190?
1
What is the ten thousands digit of 78212?
7
What is the tens digit of 8727?
2
What is the hundreds digit of 3095?
0
What is the hundreds digit of 131011?
0
What is the thousands digit of 3909?
3
What is the tens digit of 35392?
9
What is the units digit of 584?
4
What is the tens digit of 4359?
5
What is the tens digit of 3567?
6
What is the tens digit of 618?
1
What is the units digit of 2084?
4
What is the units digit of 641?
1
What is the tens digit of 2419?
1
What is the hundreds digit of 599?
5
What is the hundreds digit of 5942?
9
What is the ten thousands digit of 88234?
8
What is the units digit of 2107?
7
What is the thousands digit of 16145?
6
What is the units digit of 6118?
8
What is the ten thousands digit of 41156?
4
What is the tens digit of 1543?
4
What is the hundreds digit of 16665?
6
What is the tens digit of 772?
7
What is the hundreds digit of 1149?
1
What is the hundreds digit of 823?
8
What is the hundreds digit of 7013?
0
What is the tens digit of 2074?
7
What is the units digit of 380?
0
What is the thousands digit of 16858?
6
What is the thousands digit of 6775?
6
What is the units digit of 2099?
9
What is the hundreds digit of 4138?
1
What is the hundreds digit of 29406?
4
What is the tens digit of 2956?
5
What is the units digit of 53658?
8
What is the units digit of 448?
8
What is the thousands digit of 3960?
3
What is the ten thousands digit of 21939?
2
What is the tens digit of 1537?
3
What is the hundreds digit of 150?
1
What is the ten thousands digit of 18314?
1
What is the tens digit of 17622?
2
What is the units digit of 1058?
8
What is the ten thousands digit of 14261?
1
What is the tens digit of 143?
4
What is the thousands digit of 34964?
4
What is the units digit of 91842?
2
What is the units digit of 16551?
1
What is the hundreds digit of 61980?
9
What is the thousands digit of 20203?
0
What is the thousands digit of 23234?
3
What is the thousands digit of 7518?
7
What is the units digit of 130377?
7
What is the tens digit of 8791?
9
What is the thousands digit of 2237?
2
What is the units digit of 17558?
8
What is the tens digit of 1225?
2
What is the units digit of 11183?
3
What is the units digit of 3073?
3
What is the thousands digit of 25072?
5
What is the thousands digit of 109991?
9
What is the tens digit of 598?
9
What is the hundreds digit of 305?
3
What is the hundreds digit of 3982?
9
What is the hundreds digit of 6376?
3
What is the hundreds digit of 3967?
9
What is the hundreds digit of 759?
7
What is the tens digit of 1781?
8
What is the units digit of 648?
8
What is the units digit of 5372?
2
What is the ten thousands digit of 11287?
1
What is the ten thousands digit of 27682?
2
What is the hundreds digit of 47087?
0
What is the hundreds digit of 2873?
8
What is the tens digit of 944?
4
What is the units digit of 428?
8
What is the hundreds digit of 969?
9
What is the tens digit of 4473?
7
What is the hundreds digit of 31113?
1
What is the hundreds digit of 114?
1
What is the tens digit of 1790?
9
What is the tens digit of 42878?
7
What is the hundreds digit of 10434?
4
What is the hundreds digit of 21172?
1
What is the units digit of 7263?
3
What is the hundreds digit of 691?
6
What is the hundreds digit of 40775?
7
What is the thousands digit of 3613?
3
What is the ten thousands digit of 25878?
2
What is the tens digit of 1559?
5
What is the thousands digit of 6260?
6
What is the hundreds digit of 802?
8
What is the ten thousands digit of 140088?
4
What is the hundreds digit of 14367?
3
What is the units digit of 2262?
2
What is the tens digit of 38041?
4
What is the thousands digit of 19745?
9
What is the hundreds digit of 60143?
1
What is the hundreds digit of 5201?
2
What is the hundreds digit of 1783?
7
What is the units digit of 3377?
7
What is the thousands digit of 2628?
2
What is the hundreds digit of 39388?
3
What is the units digit of 14723?
3
What is the hundreds digit of 14869?
8
What is the tens digit of 1279?
7
What is the thousands digit of 6245?
6
What is the thousands digit of 125071?
5
What is the tens digit of 1753?
5
What is the tens